by 4?
0
Suppose 67 = y + 58. Suppose y*g - 126 = 405. Calculate the remainder when g is divided by 10.
9
Let c(s) = s**3 - 9*s**2 + 6*s + 18. Let k be c(8). Suppose j = -3*y + 44, -k*j + y + 82 = j. Let v = 259 - 144. What is the remainder when v is divided by j?
28
Let h(r) = 9*r + 2. Suppose -72 + 2 = -5*d. Calculate the remainder when h(5) is divided by d + 2 - (6 - 2).
11
Let a = -317 + 363. What is the remainder when 137 is divided by a?
45
Suppose -7*r + 11*r = 0. Suppose s = 4*s - 3, r = -5*b + 2*s + 8. Calculate the remainder when b is divided by 2.
0
Suppose -4*n - 3*r - 15 = 0, 2*n - n = 5*r + 2. What is the remainder when 106 is divided by (-5 - -2 - 0/n) + 30?
25
Let y be (-1 - 0)/((-2 - 0)/16). Suppose 0 = 13*k - y*k - 135. What is the remainder when k is divided by 15?
12
Suppose -r + 4*r = y - 23, r = 2*y - 56. What is the remainder when 462 is divided by y?
27
Let j(b) = -2*b**2 - 38*b - 48. Calculate the remainder when 274 is divided by j(-15).
58
Let l = -5 - -4. Let k = -95 + 139. What is the remainder when k is divided by (9 + -10)/(l/23)?
21
Suppose -16*k + 5120 = 4*k. Calculate the remainder when k is divided by 65.
61
Let p(n) = -6*n**3 - n**2 - 15*n - 31. What is the remainder when p(-3) is divided by 23?
6
What is the remainder when -11 - -8 - -19 - -6 is divided by 10?
2
Suppose -196 = -2*k + 4*n, 0 = 3*k + 4*n + 67 - 401. What is the remainder when k is divided by 37?
32
Let k(x) = -x**2 + 19*x - 32. Calculate the remainder when k(14) is divided by (-6)/4*40/(-6).
8
Suppose 0*a = a - 5. Suppose 27 + 3 = a*z. Calculate the remainder when 29 is divided by ((-4)/z)/(10/(-225)).
14
Suppose -5 = 5*f - 85. Let k(h) = h**2 + 3. Let t be k(0). Suppose -94 = -t*w - 5*u - f, -w + 36 = 5*u. Calculate the remainder when w is divided by 11.
10
Let z(w) = w**2 + 10*w - 13. Let y be z(-11). Let p(q) = -6*q + 1. Let o be p(y). Suppose o*t - 12*t - 58 = 0. What is the remainder when t is divided by 15?
13
Let j = -2 - 0. Let y = j - -4. Suppose -46 = -41*c + 36. Calculate the remainder when y is divided by c.
0
Calculate the remainder when 1599/15 + (-24)/40 is divided by 38.
30
Let l = -119 + 194. Suppose 0 = -3*z + 8*z - l. What is the remainder when z is divided by 5?
0
Suppose 8*i - 300 = -12*i. What is the remainder when i is divided by ((-20)/(-3))/(4/6)?
5
Let p be (-2)/(-4) - 111/(-6). Suppose -14*v + 11*v + 267 = -3*j, 3*v - j - 259 = 0. What is the remainder when v is divided by 1 + p + (-1 - -3)?
19
Let g = 2915 + -2837. Calculate the remainder when 623 is divided by g.
77
Calculate the remainder when (2 - -248)*((-21)/(-14) + 1) is divided by 105.
100
Let x(b) = -3*b**2 - 15*b - 6. Let n be x(-4). Suppose -2*v + 4*l - 140 = -n*v, -23 = -v + 5*l. Calculate the remainder when 95 is divided by v.
29
Suppose 0 = 47*n - 52*n + 40. Calculate the remainder when 710 is divided by n.
6
Suppose 2*g - 8 + 6 = 0. What is the remainder when 3*-1*(235/(-15))/g is divided by 8?
7
Let v(x) = x**3 + 9*x**2 + 2. Let p be v(-9). Suppose -i = p*i + 54. Calculate the remainder when 87 is divided by 4/i + 959/63.
12
Let l = -5 - -9. Suppose 2*z = l*m + 96, z - 34 - 17 = 5*m. What is the remainder when z is divided by (16/(-3))/((-4)/18)?
22
Calculate the remainder when (41/369)/((-2)/(-25902)) is divided by 144.
143
Let a(g) = -26*g + 1. Calculate the remainder when 421 is divided by a(-2).
50
Suppose -4*h + 4*f = -46 + 6, 2 = 3*h + 4*f. Let q = h - -5. Let x = 1235 + -1205. Calculate the remainder when x is divided by q.
8
Suppose 0 = -3*k + 300 - 30. Let f be k*2/(-2)*-1. Let s = -43 + f. Calculate the remainder when s is divided by 10.
7
Let z be -4*(-3)/12*25. Let s = z - -47. Suppose s = 3*b + 3*q, 0 = -5*b - 2*q + 6 + 126. What is the remainder when 53 is divided by b?
25
Let l = 73 + -77. What is the remainder when 25 is divided by 21*(-9)/(54/l)?
11
Let u(s) = -2*s**2 + 7*s - 8 + 3*s**2 - 3 + 3. Let d be u(-8). Suppose -5*t + 6*t - 87 = d. Calculate the remainder when t is divided by 22.
21
Let g be (5/10)/((-2)/(-16)). Suppose -2*j + 2 = -g. Suppose -w + j*w = 46. What is the remainder when 44 is divided by w?
21
Let l(c) = c**2 - 2. Let j be l(0). Let r be 1/j*2*-17. Suppose -5*z + 317 = r. Calculate the remainder when z is divided by 21.
18
Let d be (-72)/(-20) - (-4)/10. Suppose 234 = 5*i + 2*f, 2*f + 3*f = d*i - 174. Calculate the remainder when i is divided by 7.
4
Suppose 5*u - u - 16 = 0. Suppose -u*i - 127 = -419. Calculate the remainder when i is divided by 19.
16
Let w = -147 + 228. Calculate the remainder when w is divided by 21.
18
Let t(d) = 56*d**2 - d + 1. Let m(w) = 6*w**2 + 116*w - 59. Calculate the remainder when t(1) is divided by m(-20).
14
Let s(t) = -7*t**2 + t - 7 + 6*t + 6*t**2. What is the remainder when (-1*3)/(-3) + 11 is divided by s(4)?
2
Let c(h) = -9*h - 41. Let a be c(-7). Suppose 10*x = 8*x + a. Calculate the remainder when 52 is divided by x.
8
Suppose -432 - 1718 = -10*c. Suppose -12*n = -11*n - c. What is the remainder when n is divided by 31?
29
Let h = -21 - -47. Let g be 2 - (8 - (-1 - 3)). Let w = g + h. Calculate the remainder when 63 is divided by w.
15
Let a = 18 + 3. Suppose a*i - 84 = 19*i. Suppose -t - 6*b = -2*b - i, b = 5*t - 105. Calculate the remainder when t is divided by 12.
10
Suppose 4*z + 4*r = 152, -2*r = -0*r - 8. Let n = -2 - 2. Let a = 16 + n. What is the remainder when z is divided by a?
10
Suppose 9*z - 643 - 3380 = 0. Calculate the remainder when z is divided by 41.
37
Suppose -5*l = 20, f = -0*l + l + 5. What is the remainder when f/1*(3 + 5*4) is divided by (-47)/(-4) + 1/4?
11
Suppose 0*n + 3*n = 309. Suppose 0 = -2*m + m + 15. What is the remainder when n is divided by m?
13
Suppose 6*r - 3*r + 7199 = 5*f, 2*f - r = 2880. What is the remainder when (-1)/(-2) - f/(-22) is divided by (-44)/(-2) + 2/2?
20
Suppose 0 = 5*u + 7*f - 2*f + 55, 3*f = 0. Let l = 30 + u. Calculate the remainder when l is divided by ((-22)/4)/(2/(-4)).
8
Suppose 5*j = -3*l + 46, 4*j + 10 = 30. Let m(t) = -t**2 + 8*t - 3. Let w be m(l). Suppose -130 = w*z - 9*z. What is the remainder when z is divided by 9?
8
Suppose 5*d - 31 = 79. What is the remainder when d is divided by (-2 - (-3 + 2)) + (11 - -2)?
10
Suppose -5*c + 3*y = -1596, -10*c - 314 = -11*c - 2*y. What is the remainder when c is divided by 46?
42
Let z(u) = -5*u - 2. Let i(q) = 5*q**2 - 25*q - 8. Calculate the remainder when i(6) is divided by z(-2).
6
Suppose -s + 5*x + 48 + 12 = 0, 0 = 3*s + 4*x - 85. Let d = -3 + 10. Let n = 20 - d. Calculate the remainder when s is divided by n.
9
Suppose -3*t + 5*i = -468, 2*i + 272 = 2*t - 44. Calculate the remainder when t is divided by 42.
35
Suppose 3*w = 3, 3*r + 2*w + 0*w = 59. Calculate the remainder when r is divided by (12/(-20))/((-39)/260).
3
Let j be (14/(-3))/(4/30). Let m = 21 + j. Let x = -7 - m. What is the remainder when 26 is divided by x?
5
Let q(v) = -v**3 - 17*v**2 - 18*v - 32. Let r be q(-16). What is the remainder when 86 is divided by (-1650)/(-60)*(r + (-4)/(-5))?
20
Suppose -u - 4*n - 6 = -22, n + 5 = 2*u. What is the remainder when 25 is divided by u?
1
What is the remainder when ((-9)/18)/((-2)/600) is divided by 9?
6
Suppose -2*i - m + 9 = 0, 3*m = -5*i + 4 + 16. Suppose t = -h + 3*h + i, 2*h + 27 = 5*t. What is the remainder when 89 is divided by -1 + (h - (-4 + -28))?
29
Let r(i) = -4*i - 6. Let l be r(-18). Suppose -3*s - 240 = -7*s - 4*m, 4*m - l = -s. What is the remainder when s is divided by 20?
18
Let c = -302 - -310. Calculate the remainder when 30 is divided by c.
6
Let z = 172 + -140. Calculate the remainder when 62 is divided by z.
30
Let s = 220 - 217. What is the remainder when 107 is divided by s?
2
Let p(d) = -d + 55. Calculate the remainder when p(12) is divided by 6.
1
Suppose -c - 3*c = -28. Suppose -2*z - 2*d = -128, 0 = 4*z + 2*d - 36 - 210. Let w = -39 + z. What is the remainder when w is divided by c?
6
Let u = -151 - -71. What is the remainder when u/(-24)*18/10 is divided by 2?
0
Let r(a) = 8*a**3 + 20*a**2 + 4*a + 7. Let p(b) = 3*b**3 + 7*b**2 + b + 2. Let s(i) = 11*p(i) - 4*r(i). What is the remainder when 36 is divided by s(5)?
17
Let k = 6 + 63. Suppose -m + 20 = 2*q - 6, 3*m = 3*q - 30. Calculate the remainder when k is divided by q.
9
